mmon factor of l and v.
11
Let o = 64 - 57. Suppose 2*w + 10 = -0*w. Let n(v) = 3*v**2 + 4*v - 6. Let p be n(w). What is the highest common factor of o and p?
7
Let k = 9 - 4. Let z be 3*(4/3)/2. Suppose -o + 5*p + 35 = 0, 4*p - 51 = -z*o - 9. Calculate the greatest common divisor of k and o.
5
Let a(p) = p**2 + p + 6. Let s(i) = -4 - 4*i + 3*i - i + 3*i. Let r be s(4). Let t be a(r). What is the highest common factor of t and 6?
6
Suppose -3*b - 297 - 42 = 0. Let a = b + 190. What is the highest common factor of 11 and a?
11
Let x be (-2)/(-6) + 70/6. Suppose -2 - 6 = -4*k - n, 4*k + 3*n = 0. Suppose h = k*h - 24. Calculate the highest common factor of h and x.
12
Let b be -14 + 13 - (-28 - -1). What is the greatest common divisor of 39 and b?
13
Suppose 3*a + 0*r - 295 = r, 4*a = -r + 405. Let t = a - 49. Suppose n + 3*z = 49, 5*n + 4*z - 174 = 16. Calculate the highest common divisor of n and t.
17
Let v = 178 - -145. What is the highest common divisor of 17 and v?
17
Suppose -18 = -9*x + 3*x. Calculate the highest common divisor of 2 and x.
1
Let k be 60/27 - (-2)/(-9). Let q(z) = -z**2 + 7*z - 2. Let b be q(6). Calculate the highest common divisor of b and k.
2
Let s = -38 - -60. Suppose -2*z + 4 = 2. Let x = 12 - z. What is the highest common factor of x and s?
11
Let m(l) = -l**2 - 5*l + 7. Let g be m(-7). Let a = -4 - g. Suppose 0 = -t + 15 + 6. Calculate the highest common factor of t and a.
3
Suppose 55 = -h + 2*h. Let d = 5 - 0. Calculate the greatest common divisor of h and d.
5
Suppose 5*k - 3*l = 162, -l + 3*l + 97 = 3*k. Calculate the greatest common divisor of k and 11.
11
Let i be (1 - -1)*-1 + 4. Let h be i/2 + (2 - -8). Suppose 5*y = 311 + 239. What is the highest common divisor of y and h?
11
Let g = 132 - 33. Calculate the highest common divisor of 11 and g.
11
Suppose -o - 2*o = -2*s - 13, -5*s = -o + 13. Suppose o*z = -z + 132. Calculate the greatest common divisor of 11 and z.
11
Let m(d) = -d**3 - 6*d**2 + 4*d - 1. Let k be m(-7). Suppose -k = -0*q + 5*q. Let g be 0/2 - q*3. Calculate the highest common factor of g and 132.
12
Let f(a) = -52*a**3 + a + 1. Let t be f(-1). Calculate the highest common divisor of 78 and t.
26
Suppose 85 = i + 4*i. Calculate the greatest common factor of i and 68.
17
Suppose 0 = 5*l - 3 - 12. Let q be 3/l + 1 - -294. Suppose 2*m + 44 = q. Calculate the highest common divisor of m and 14.
14
Let r(b) = 50*b**3 - b + 2. Let q be r(1). What is the greatest common factor of 17 and q?
17
Let w be (0 + -1)/(7 - 6). Let b be (3*w)/(3/(-15)). Let l be ((-3)/(-2))/((-4)/(-40)). What is the greatest common divisor of b and l?
15
Let l(n) = -n**2 - 6*n - 7. Let p = 7 - 10. Let k be l(p). Calculate the greatest common divisor of 16 and k.
2
Let b(v) = -v**3 + 6*v**2 - 4*v. Let a be b(5). Suppose 7 = 4*w - a. Let m(d) = d**3 - d**2 - 4. Let c be m(w). What is the highest common factor of c and 56?
14
Let s = 20 + 70. Let k(y) = -6*y - 6. Let u be k(-7). Calculate the greatest common divisor of u and s.
18
Let j(o) = -2*o - 5. Let c be j(-5). What is the highest common divisor of c and 45?
5
Let s be (7/(-7))/(1/3). Let r be 9/s - (-10 + 1). What is the greatest common divisor of 66 and r?
6
Let x = 91 - 52. Suppose -2*s - 2*s + 52 = -3*t, 3*s - 3*t - x = 0. What is the greatest common divisor of 78 and s?
13
Let g be (1 - (-6)/(-4))*(-1160)/20. Calculate the highest common factor of 58 and g.
29
Let a be 134/10 + 4/(-10). Calculate the greatest common divisor of 130 and a.
13
Let g = 19 - 4. Let q be 2/(-5) - (-4962)/30. Calculate the greatest common divisor of q and g.
15
Suppose -5*f + 165 = -0*f. Suppose -5*d + 80 - 20 = 0. Suppose 7*w = 3*w + d. What is the highest common divisor of w and f?
3
Let b = 150 + -144. Calculate the highest common factor of b and 24.
6
Suppose 453 = y + 13. Let n be 1/3 - y/(-3). Suppose -5*i + 592 = -3*g - 135, i = g + n. Calculate the highest common divisor of i and 13.
13
Let n(x) = 11*x - 1. Let k(p) = -11*p. Let h(t) = -3*k(t) - 2*n(t). Let a be h(3). What is the highest common divisor of 5 and a?
5
Let b(c) = 4*c + 2 + 4*c + 2*c**2 - 3*c**2. Let a be b(4). Let p be (-1116)/(-42) + 6/14. What is the highest common divisor of a and p?
9
Let g = 36 + -16. Calculate the greatest common divisor of g and 30.
10
Suppose -5*q + 14 + 6 = 0. What is the highest common divisor of q and 16?
4
Let d(l) = -l**2 + 13*l + 19. Let c be d(13). Suppose c*x - 560 = 14*x. What is the highest common factor of x and 16?
16
Suppose -3 = -0*n - n. Suppose 3*v + 2*i - 263 = -n*i, -2*i - 10 = 0. What is the highest common factor of v and 12?
12
Let a = 17 - 9. Suppose -a*b = -3*b - 55. Let d = -47 + 102. What is the highest common divisor of d and b?
11
Let s(p) = -5*p**2 + 1. Suppose -3*m + 8*m = -10. Let f be s(m). Let u = 1 - f. What is the greatest common factor of u and 4?
4
Let p(t) be the first derivative of t**2/2 + 2*t - 2. Let a be p(8). Let h be 2/(2*1/5). What is the highest common divisor of h and a?
5
Let w be 3/(-4)*40/5. Let x = 6 + w. Suppose 0*s + 5*s + p - 32 = x, 0 = 5*s - 4*p - 47. What is the greatest common divisor of s and 21?
7
Let l(q) = 6*q**2 - 3*q + 2. Let h be l(2). Suppose -s = -4*s - 375. Let g = s + 285. Calculate the highest common factor of h and g.
20
Suppose -2*q + 4 = -q. Let v = 14 + 94. Suppose -4*y = -y - v. What is the highest common factor of q and y?
4
Let t be (1/3)/(3/(-27)). Let n be t*1/3*-15. Let l(v) = 2*v. Let d be l(5). What is the highest common factor of n and d?
5
Let l = 6 - 0. Suppose 6*i + 20 = 2*i. Let y = -2 - i. What is the greatest common factor of y and l?
3
Suppose 5*q = -4*m + 187 - 48, -3 = 3*q. Calculate the greatest common divisor of 27 and m.
9
Let s(w) = -11*w**3 - w**2. Let f = 13 + -14. Let y be s(f). Calculate the greatest common divisor of 25 and y.
5
Let d(s) = s - 3*s - 4*s + 2*s + 7. Let u be d(-4). What is the greatest common factor of u and 253?
23
Let j be -2 - -4 - (2 + -1). Calculate the greatest common divisor of j and 7.
1
Let o be ((-3)/2)/(15/(-280)). What is the highest common divisor of 42 and o?
14
Let c be -1 + 49*(1 - 0). Let m be 6/(-2)*1/3. Let g be (2 + m)/1 - -11. What is the greatest common factor of g and c?
12
Suppose -3*a + 5*s = -26, a = 2*s + 7 + 2. What is the greatest common divisor of a and 35?
7
Suppose 5*j = 34 + 31. Let z(g) = g**3 - 6*g**2 + 6*g + 1. Let d be z(5). Let v be ((-4)/d)/((-4)/78). Calculate the greatest common factor of v and j.
13
Suppose 0 = -7*l + 92 + 468. Suppose 0 = 7*m - 4*m + 24. Let k = m + 24. What is the highest common factor of k and l?
16
Let j = 39 - 9. Calculate the greatest common divisor of j and 6.
6
Suppose -20 = -5*h + 2*m - 0*m, -4*h = -2*m - 16. Let b be (4 - 1)*28/h. Let z = b - -1. Calculate the greatest common factor of 2 and z.
2
Suppose 7 = 2*u - 5*a, 2*u + 4*a + 10 = 4*u. Calculate the highest common divisor of u and 88.
11
Suppose -4*v + 129 = -5*i - 0*i, -93 = -3*v + 5*i. What is the highest common divisor of 54 and v?
18
Suppose k = 2*k - 26. Calculate the greatest common factor of 39 and k.
13
Let i = -115 - -119. What is the highest common factor of i and 4?
4
Let s(g) be the first derivative of -g**2 + 3*g - 1. Let u be s(-3). Let f = 0 + u. Calculate the greatest common divisor of f and 36.
9
Let t(q) = q**2 + 7*q + 2. Let x be t(-7). Let a be (-3 - 0/x) + 99. What is the highest common factor of a and 12?
12
Let g be 4/(-2)*(18 - 24). Suppose 5*k - 23 = 7. What is the highest common divisor of k and g?
6
Let c = -1 - -57. What is the highest common divisor of c and 8?
8
Let m be (-24)/20*(-10)/(-2). Let w be -4*(-2 - -8)/(-2). Let t be (-44)/m + (-4)/w. Calculate the greatest common divisor of t and 1.
1
Let a(p) = -12*p**3 - p**2 + 1. Let i be a(-3). Let q = -212 + i. What is the highest common divisor of q and 13?
13
Let u be 2/3 + (-5)/15*-37. Calculate the highest common factor of u and 104.
13
Let y be (-7)/(-9) + 4/18. Let r be (-6)/y*(-8)/6. Suppose -r = -5*n + 7. What is the greatest common divisor of 15 and n?
3
Suppose 219 = 15*a - 186. Let y = -12 - -30. What is the greatest common factor of a and y?
9
Let f(w) = -w - 2. Let r(y) = 2*y + 3. Let b(m) = -7*f(m) - 4*r(m). Let d be b(0). Let t = 28 + -20. What is the greatest